{"id":46,"date":"2021-12-03T14:59:33","date_gmt":"2021-12-03T14:59:33","guid":{"rendered":"http:\/\/stumbrys.com\/?page_id=46"},"modified":"2023-09-01T19:47:41","modified_gmt":"2023-09-01T19:47:41","slug":"biografija","status":"publish","type":"page","link":"https:\/\/stumbrys.com\/?page_id=46","title":{"rendered":"Biografija"},"content":{"rendered":"\n<figure class=\"wp-block-table is-style-regular\"><table><tbody><tr><td>2016-dabar<\/td><td>Docentas (nuo 2023), asistentas (2018-2023), lektorius (2016-2018)<br>Psichologijos institutas, Filosofijos fakultetas, Vilniaus universitetas (Lietuva)<br><small>D\u0117stomi dalykai: miego ir sapn\u0173 psichologija, sporto psichologija<\/small><\/td><td><a href=\"https:\/\/www.vu.lt\/\" target=\"_blank\" rel=\"noreferrer noopener\"><img loading=\"lazy\" decoding=\"async\" width=\"100\" height=\"100\" class=\"wp-image-60\" style=\"width: 100px;\" src=\"https:\/\/stumbrys.com\/wp-content\/uploads\/2021\/12\/vulogo100.png\" alt=\"VU\"><\/a><\/td><\/tr><tr><td>2016-dabar<\/td><td>Direktoriaus pavaduotojas moksliniams tyrimams (nuo 2022), lektorius (nuo 2016)<br>Alef Trust (bendradarbiaujant su Liverpool John Moores  universitetu) (Jungtin\u0117 Karalyst\u0117)<br><small>D\u0117stomi dalykai: mokslini\u0173 tyrim\u0173 metodologija, mokslinis tiriamasis darbas, po\u017ei\u016briai \u012f s\u0105mon\u0119, transpersonaliniai sapnai<\/small><\/td><td><a href=\"https:\/\/www.aleftrust.org\/\" data-type=\"URL\" data-id=\"https:\/\/www.aleftrust.org\/\" target=\"_blank\" rel=\"noreferrer noopener\"><img loading=\"lazy\" decoding=\"async\" width=\"100\" height=\"87\" class=\"wp-image-116\" style=\"width: 100px;\" src=\"https:\/\/stumbrys.com\/wp-content\/uploads\/2022\/12\/alef-logo.png\" alt=\"\"><\/a><\/td><\/tr><tr><td>2020<\/td><td>Podiplomin\u0117s \u012fsis\u0105moninimu (mindfulness) gr\u012fstos kognityvin\u0117s ir elgesio terapijos studijos, Lietuvos sveikatos moksl\u0173 universitetas (Lietuva)<\/td><td><a href=\"https:\/\/lsmu.lt\/\" data-type=\"URL\" data-id=\"https:\/\/lsmu.lt\/\" target=\"_blank\" rel=\"noreferrer noopener\"><img loading=\"lazy\" decoding=\"async\" width=\"100\" height=\"100\" class=\"wp-image-87\" style=\"width: 100px;\" src=\"https:\/\/stumbrys.com\/wp-content\/uploads\/2022\/12\/lsmu.png\" alt=\"\" srcset=\"https:\/\/stumbrys.com\/wp-content\/uploads\/2022\/12\/lsmu.png 225w, https:\/\/stumbrys.com\/wp-content\/uploads\/2022\/12\/lsmu-150x150.png 150w\" sizes=\"auto, (max-width: 100px) 100vw, 100px\" \/><\/a><\/td><\/tr><tr><td>2014<\/td><td>Filosofijos daktaras (magna cum laude), sporto mokslai, Heidelbergo universitetas (Vokietija)<br><small>Disertacijos tema: Motorini\u0173 \u012fg\u016bd\u017ei\u0173 lavinimas s\u0105moninguose sapnuose<\/small><\/td><td><a href=\"https:\/\/www.uni-heidelberg.de\/en\" data-type=\"URL\" data-id=\"https:\/\/www.uni-heidelberg.de\/en\" target=\"_blank\" rel=\"noreferrer noopener\"><img loading=\"lazy\" decoding=\"async\" width=\"100\" height=\"100\" class=\"wp-image-88\" style=\"width: 100px;\" src=\"https:\/\/stumbrys.com\/wp-content\/uploads\/2022\/12\/Universitat_Heidelberg.png\" alt=\"\" srcset=\"https:\/\/stumbrys.com\/wp-content\/uploads\/2022\/12\/Universitat_Heidelberg.png 460w, https:\/\/stumbrys.com\/wp-content\/uploads\/2022\/12\/Universitat_Heidelberg-300x300.png 300w, https:\/\/stumbrys.com\/wp-content\/uploads\/2022\/12\/Universitat_Heidelberg-150x150.png 150w\" sizes=\"auto, (max-width: 100px) 100vw, 100px\" \/><\/a><\/td><\/tr><tr><td>2009<\/td><td>Magistras (su pagyrimu), s\u0105mon\u0117s ir transpersonalin\u0117 psichologija, Liverpulio John Moores universitetas (Jungtin\u0117 Karalyst\u0117)<br><small>Magistrinio tema: K\u016brybi\u0161kas problem\u0173 sprendimas s\u0105moninguose sapnuose<\/small><\/td><td><a href=\"https:\/\/www.ljmu.ac.uk\/\" data-type=\"URL\" data-id=\"https:\/\/www.ljmu.ac.uk\/\" target=\"_blank\" rel=\"noreferrer noopener\"><img loading=\"lazy\" decoding=\"async\" width=\"100\" height=\"100\" class=\"wp-image-89\" style=\"width: 100px;\" src=\"https:\/\/stumbrys.com\/wp-content\/uploads\/2022\/12\/ljmu-1.png\" alt=\"\" srcset=\"https:\/\/stumbrys.com\/wp-content\/uploads\/2022\/12\/ljmu-1.png 225w, https:\/\/stumbrys.com\/wp-content\/uploads\/2022\/12\/ljmu-1-150x150.png 150w\" sizes=\"auto, (max-width: 100px) 100vw, 100px\" \/><\/a><\/td><\/tr><tr><td>2007<\/td><td>Bakalauras, psichologija, Vilniaus universitetas (Lietuva)<br><small>Bakalaurinio tema: Saviaktualizacijos ir religini\u0173 \u012fsitikinim\u0173 ry\u0161ys<\/small><\/td><td> <a href=\"https:\/\/www.vu.lt\/\" data-type=\"URL\" data-id=\"https:\/\/www.vu.lt\/\" target=\"_blank\" rel=\"noreferrer noopener\"><img loading=\"lazy\" decoding=\"async\" width=\"100\" height=\"100\" class=\"wp-image-60\" style=\"width: 100px;\" src=\"https:\/\/stumbrys.com\/wp-content\/uploads\/2021\/12\/vulogo100.png\" alt=\"VU\"><\/a> <\/td><\/tr><tr><td>2002<\/td><td>Bakalauras, informatika, Vilniaus universitetas (Lietuva)<\/td><td>  <a href=\"https:\/\/www.vu.lt\/\" data-type=\"URL\" data-id=\"https:\/\/www.vu.lt\/\" target=\"_blank\" rel=\"noreferrer noopener\"><img loading=\"lazy\" decoding=\"async\" width=\"100\" height=\"100\" class=\"wp-image-60\" style=\"width: 100px;\" src=\"https:\/\/stumbrys.com\/wp-content\/uploads\/2021\/12\/vulogo100.png\" alt=\"VU\"><\/a>  <\/td><\/tr><tr><td>Kalbos<\/td><td>Lietuvi\u0173 (gimtoji), angl\u0173 (laisvai), rus\u0173 (laisvai), vokie\u010di\u0173 (pagrindai)<\/td><td><\/td><\/tr><tr><td>Naryst\u0117<\/td><td>Tarptautin\u0117 asociacija sapn\u0173 studijoms (buv\u0119s valdybos narys),<br>Lietuvos \u012fsis\u0105moninimu gr\u012fstos psichologijos asociacija (valdybos narys)<\/td><td><a href=\"https:\/\/www.asdreams.org\/\" data-type=\"URL\" data-id=\"https:\/\/www.asdreams.org\/\" target=\"_blank\" rel=\"noreferrer noopener\"><img loading=\"lazy\" decoding=\"async\" width=\"100\" height=\"100\" class=\"wp-image-90\" style=\"width: 100px;\" src=\"https:\/\/stumbrys.com\/wp-content\/uploads\/2022\/12\/ASDLOGO200pxsq.jpg\" alt=\"\" srcset=\"https:\/\/stumbrys.com\/wp-content\/uploads\/2022\/12\/ASDLOGO200pxsq.jpg 200w, https:\/\/stumbrys.com\/wp-content\/uploads\/2022\/12\/ASDLOGO200pxsq-150x150.jpg 150w\" sizes=\"auto, (max-width: 100px) 100vw, 100px\" \/><\/a><br><a href=\"https:\/\/www.mindfulness.lt\/\" data-type=\"URL\" data-id=\"https:\/\/www.mindfulness.lt\/\" target=\"_blank\" rel=\"noreferrer noopener\"><img loading=\"lazy\" decoding=\"async\" width=\"100\" height=\"100\" class=\"wp-image-92\" style=\"width: 100px;\" src=\"https:\/\/stumbrys.com\/wp-content\/uploads\/2022\/12\/ligpa.jpg\" alt=\"\" srcset=\"https:\/\/stumbrys.com\/wp-content\/uploads\/2022\/12\/ligpa.jpg 225w, https:\/\/stumbrys.com\/wp-content\/uploads\/2022\/12\/ligpa-150x150.jpg 150w\" sizes=\"auto, (max-width: 100px) 100vw, 100px\" \/><\/a><\/td><\/tr><\/tbody><\/table><\/figure>\n\n\n\n<p><\/p>\n","protected":false},"excerpt":{"rendered":"<p>2016-dabar Docentas (nuo 2023), asistentas (2018-2023), lektorius (2016-2018)Psichologijos institutas, Filosofijos fakultetas, Vilniaus universitetas (Lietuva)D\u0117stomi dalykai: miego ir sapn\u0173 psichologija, sporto psichologija 2016-dabar Direktoriaus pavaduotojas moksliniams&#8230;<\/p>\n<div class=\"more-link-wrapper\"><a class=\"more-link\" href=\"https:\/\/stumbrys.com\/?page_id=46\">Continue reading<span class=\"screen-reader-text\">Biografija<\/span><\/a><\/div>\n","protected":false},"author":1,"featured_media":0,"parent":0,"menu_order":1,"comment_status":"closed","ping_status":"closed","template":"","meta":{"footnotes":""},"class_list":["post-46","page","type-page","status-publish","hentry","entry"],"_links":{"self":[{"href":"https:\/\/stumbrys.com\/index.php?rest_route=\/wp\/v2\/pages\/46","targetHints":{"allow":["GET"]}}],"collection":[{"href":"https:\/\/stumbrys.com\/index.php?rest_route=\/wp\/v2\/pages"}],"about":[{"href":"https:\/\/stumbrys.com\/index.php?rest_route=\/wp\/v2\/types\/page"}],"author":[{"embeddable":true,"href":"https:\/\/stumbrys.com\/index.php?rest_route=\/wp\/v2\/users\/1"}],"replies":[{"embeddable":true,"href":"https:\/\/stumbrys.com\/index.php?rest_route=%2Fwp%2Fv2%2Fcomments&post=46"}],"version-history":[{"count":37,"href":"https:\/\/stumbrys.com\/index.php?rest_route=\/wp\/v2\/pages\/46\/revisions"}],"predecessor-version":[{"id":222,"href":"https:\/\/stumbrys.com\/index.php?rest_route=\/wp\/v2\/pages\/46\/revisions\/222"}],"wp:attachment":[{"href":"https:\/\/stumbrys.com\/index.php?rest_route=%2Fwp%2Fv2%2Fmedia&parent=46"}],"curies":[{"name":"wp","href":"https:\/\/api.w.org\/{rel}","templated":true}]}}